*w - 568, -3*z = 5*w - 316. Is 30 a factor of z?
False
Let s = 7 - 5. Is 25 a factor of (-5)/(1*s/(-10))?
True
Let n(k) = k**2 - 6*k + 5. Let r be n(6). Suppose 0 = -r*t + 37 + 183. Does 22 divide t?
True
Let k(t) = -2*t - 6. Let q be k(-5). Suppose -93 = w - q*w. Let a = w + -18. Is 13 a factor of a?
True
Let b(a) = 3*a**3 - 4*a**2 - 6*a + 7. Is 16 a factor of b(5)?
False
Suppose -4*b + 3*x = -2*x - 5, 0 = 5*b + 4*x - 37. Is (-3)/b - 258/(-30) a multiple of 7?
False
Let u = 2137 + -1315. Suppose u = 3*i + 309. Does 9 divide i/12 + 2/(-8)?
False
Does 20 divide (0 + 26 - 1)*(5 + -1)?
True
Suppose -2*h + 7*h + 13 = 4*z, z + 5*h = -3. Suppose n + n = z. Let o = 12 + n. Is o a multiple of 12?
False
Let p = -3 - -7. Let k(d) = -d - 1. Let g(u) = u**2 - 10*u - 7. Let o(q) = -g(q) + 5*k(q). Is 6 a factor of o(p)?
True
Suppose -2*q + 4*j - j + 15 = 0, 3*q = 5*j + 24. Suppose -3*i + q = -3*y - 3, 1 = y. Is 2 a factor of i?
False
Suppose 0 = -5*k + 76 - 6. Suppose -5*f + 6 = -k. Suppose -4*l + 36 + 72 = -3*j, -3*l = -f*j - 88. Does 8 divide l?
True
Let m be ((-4)/(-6))/2*219. Suppose -m = -5*y + 17. Is y a multiple of 13?
False
Let m = 32 + -8. Is 5 a factor of m?
False
Let n be 2/1 + 0 + -2. Let k = n + -2. Is 0 - -28 - (k + 1) a multiple of 18?
False
Suppose 0 = -3*v + 46 + 71. Is 13 a factor of v?
True
Let s be 3/4 + 791/28. Suppose -2*x + 7*x = 2*p - 85, -p - x = -39. Let g = p - s. Is 11 a factor of g?
True
Let w = 29 + 17. Let h be (-120)/9*18/(-8). Suppose -4*v + w = -h. Is v a multiple of 19?
True
Suppose 770 = -l - 4*l. Does 4 divide 0 - 0 - l/11?
False
Let r be (-88)/(-14) - 2/7. Let g(q) = 15*q**2 - 14*q**2 + 0*q + 2 - 5*q. Does 8 divide g(r)?
True
Let o(r) = -6*r - 2. Let d be -2 + (-2 + 4 - 4). Does 14 divide o(d)?
False
Suppose -8 = -r + 14. Does 8 divide r?
False
Suppose 3*l + 61 = 4*k, -k = -4*l - 3*k - 118. Let f be l/(-6) - 2/4. Let j(q) = 4*q - 1. Does 6 divide j(f)?
False
Let y be 1 + (-1)/((-2)/8). Let a(k) = k**2 - 3*k - 7. Is a(y) a multiple of 2?
False
Suppose 0 = -6*i + 11*i - 770. Is i a multiple of 22?
True
Suppose 0 = 2*z - 8. Let u(x) = 3*x**2 + 5*x - 8. Let b be u(-4). Suppose w - b = -z*w. Is w even?
True
Suppose -4*o + 17 = 5. Suppose -c = 3*q - 62, c - o*c + 64 = 3*q. Suppose 5*p = j + 2*j + 116, p = -j + q. Is 9 a factor of p?
False
Let l(m) = -m - 12. Let w be l(-6). Let c = 8 - w. Is c a multiple of 7?
True
Let g = -124 - -165. Is g a multiple of 2?
False
Let r = -272 - -392. Let d = 94 + -166. Let p = d + r. Does 17 divide p?
False
Let b(y) be the third derivative of y**4/12 - 3*y**3/2 + 5*y**2. Is b(9) a multiple of 3?
True
Let u = -39 + -146. Let q = 276 + u. Suppose -3*z - 13 = -q. Does 13 divide z?
True
Suppose -5*w + 2*d + 35 = 0, d = -0*d. Let u = w + -8. Does 19 divide (113 - 2)/3 - u?
True
Suppose 0 = 4*r - 11 - 13. Is r a multiple of 2?
True
Suppose 7 - 4 = 3*d - 3*x, -3*d + 5*x - 1 = 0. Let m(g) = 11 - d + g**3 + 3*g + 7*g**2 + 0*g. Does 13 divide m(-6)?
True
Suppose -l - 2 + 4 = 0. Suppose 2*j + 2 = l*r + r, j = 2*r - 1. Is -1*(0 + r + -16) a multiple of 10?
False
Let j = -51 + 160. Does 13 divide j?
False
Let f be (32/3)/(1/3). Suppose 3*a + b - 29 = 0, f = 4*a - 2*b - 0*b. Suppose -5*i = -a - 91. Does 12 divide i?
False
Let t(f) = f**3 - f**2 - 1. Let j(m) = -m**3 + 7*m**2 - m + 6. Let h(n) = -j(n) - 2*t(n). Is 13 a factor of h(-6)?
True
Let b(w) = -w**3 - 7*w**2 + 4*w + 6. Let z be b(-8). Suppose 3*g + t - 21 = z, -5*t - 47 = -4*g. Is (-2)/(-9) + 50/g even?
False
Suppose 0 = 3*v, 4*n - v = n + 90. Let m = n - 18. Is m a multiple of 12?
True
Let t be 1/(-1) + 1 - 0. Suppose -24 = 2*v - 4*n, -n + t = 4*v + 3. Let b(m) = -16*m + 2. Does 14 divide b(v)?
False
Let n(y) = y**3 + 5*y**2 - 5*y. Is n(-5) a multiple of 11?
False
Let c = -1 - -4. Let r(j) = -7*j - 7*j**2 - 1 - j**c - 1 + 0. Is 4 a factor of r(-6)?
True
Suppose 0*c = -c - 5*l, 0 = -4*c - 2*l + 18. Suppose -4*x - c*v = -16, -3*v = 2*v. Does 2 divide x?
True
Let p(k) = k**3 + k**2 + 2*k + 1. Let r be p(-1). Let m be (0 - -3)*r*-1. Suppose m*t = 10 + 50. Does 17 divide t?
False
Let l = 107 + -35. Does 24 divide l?
True
Let u(k) be the third derivative of -k**4/8 + 5*k**3/3 - 2*k**2. Is 14 a factor of u(-6)?
True
Let z(b) be the first derivative of b**2 + 6*b - 1. Let s be z(-7). Let r = s + 14. Does 5 divide r?
False
Let p(c) = -c**3 + 4*c**2 + 5*c + 4. Let v(o) = -o**3 - o**2 - o - 1. Let q(a) = p(a) + v(a). Suppose -5*m = -2 + 12. Does 21 divide q(m)?
False
Let h(a) = 2*a - 18. Let j be h(8). Suppose 0 = 2*o - 9 + 1. Is 12 a factor of (-76)/j + (o - 7)?
False
Suppose 0 = -3*y - 5*w + 103 + 81, -y = -3*w - 80. Does 17 divide y?
True
Is (1 + (-1)/3)/((-2)/(-93)) a multiple of 22?
False
Let m be (-2)/(-2)*-1 - -8. Let u = 5 + m. Is u a multiple of 12?
True
Suppose 2*n + 4*x - 88 = -2*n, -4*n = -2*x - 94. Is 5 a factor of n?
False
Suppose -84 = -3*q + 2*q. Does 14 divide q?
True
Suppose 2*g - 4*a - 28 = 0, 5*g = -9*a + 4*a - 5. Let w(o) = 3*o**2 - 4*o - 4. Is 7 a factor of w(g)?
True
Let d be 4 - 7 - (-1 + 0). Is 6 a factor of 0/d - 0 - -12?
True
Is 13 a factor of ((-16)/(-1) - 1) + (-4)/2?
True
Let d(n) = -15*n**2 - n. Let w be d(-1). Is 7 a factor of w/(-3)*(-1 + 4)?
True
Let y(w) = -2*w + 6. Let v be y(-8). Suppose -2*g + 74 - v = 0. Does 7 divide g?
False
Let x be ((-8)/(-10))/((-2)/10). Let u(y) be the third derivative of -13*y**4/24 - y**3/2 + 3*y**2. Is u(x) a multiple of 21?
False
Suppose 87*x = 85*x + 108. Does 13 divide x?
False
Suppose -15 = 87*j - 88*j. Is 2 a factor of j?
False
Is (6*(-4)/30)/((-2)/50) a multiple of 4?
True
Let d(x) = -x**3 + 4*x**2 + 4. Let t be d(4). Suppose -2*p - 2*p = -2*n + 54, -2*n + 14 = t*p. Suppose -y + 0*y - 5*i - n = 0, -y = 3*i + 9. Is 3 a factor of y?
True
Let q(p) = 35*p**3 - p. Let o be q(1). Suppose 3*u - u + o = 0. Is 6 a factor of 1*-1 - (u + 4)?
True
Let p be 4/8 - 6/(-4). Suppose 37 = p*q - 37. Suppose -80 = -3*h + q. Is 14 a factor of h?
False
Let h be 4/6 + 50/(-30). Is 6 a factor of (-16)/8 - (-14 - h)?
False
Let q be -38 - (-2 - (0 + -2)). Let k = -40 - -25. Let a = k - q. Is 8 a factor of a?
False
Suppose 0 = -t + 4*m + 114 + 70, -2*m = -2*t + 362. Does 45 divide t?
True
Let o = -152 - -53. Let k = -40 - o. Does 22 divide k?
False
Suppose 2 = 5*i - 13. Suppose -o + 2 = -i. Is o a multiple of 5?
True
Let y(w) = -4*w + 7. Is y(-3) a multiple of 6?
False
Suppose 0 - 3 = -b. Let j = 8 - b. Is j + (3/(-3) - -3) a multiple of 3?
False
Suppose -4*r - 4 = -2*r. Let u = 4 + r. Suppose -3*l - 12 = -u*b + 22, -3*b = -3*l - 51. Does 17 divide b?
True
Let u(g) = -g**3 + g + 32. Let f be u(0). Suppose -f = -4*o + 48. Is o a multiple of 3?
False
Suppose 9*d = 8*d + 30. Does 15 divide d?
True
Let m(t) = -t**3 - 7*t**2 - 6*t. Let z be m(-6). Suppose 0*i - 2*i = 8, -4*o + 2*i + 440 = z. Suppose 0*w - 3*w = -o. Is 13 a factor of w?
False
Suppose -5*n + 3*r + 74 = -154, -n = -3*r - 48. Does 9 divide n?
True
Let o = -16 + 31. Let f be (4/6)/((-10)/o). Is f/(146/(-72) - -2) a multiple of 11?
False
Let w(r) = -13*r - 1. Suppose -5*k + 4*u = 1, 3*u + 6 = -k - 2*u. Is 12 a factor of w(k)?
True
Let g = 65 + -18. Let r = g - 25. Does 10 divide r?
False
Let j(r) = -8*r - 9. Is 13 a factor of j(-6)?
True
Suppose -4*m + 44 = -2*w - 2*w, 2*m = -w + 16. Let x = m + -9. Suppose -2*c + c + 27 = x. Is c a multiple of 27?
True
Let z(x) = 3*x**2 - 9*x**2 - x**3 + 0*x**2 - 2 - 6*x. Suppose 0 = -0*k + 3*k + 15. Does 2 divide z(k)?
False
Let o = -182 + 266. Is o a multiple of 7?
True
Let k(v) = 3*v**2 - 8*v + 3. Let w(m) = -m**3 - 5*m**2 + m. Let t be w(-5). Let j(n) = -4*n**2 + 9*n - 4. Let y(i) = t*k(i) - 4*j(i). Is 5 a factor of y(-6)?
False
Let h(z) = z**2 + 23. Suppose -9*j = -6*j. Does 8 divide h(j)?
False
Let h = 0 - 0. Suppose -2*c + c = h. Suppose -t + 6*t - 70 = c. Is t a multiple of 14?
True
Suppose -4*s = -u + 2, -4*u - 14 = 5*s - 1. Is s/((-3)/(-216)*-2) a multiple of 9?
True
Suppose -76 = 9*r - 454. Is r a multiple of 4?
False
Let p be 2*((-9)/(-3))/3. Let q(g) = 9*g**2 - g + 2. Is q(p) a multiple of 10?
False
Let z(u) = -66*u. Is 33 a factor of z(-1)?
True
Suppose 52 = 4*j + 4. Is 7 a factor of j?
False
Suppose 0 = -5*m - 11 + 61. Suppose 0 = -3*l + m + 5. Suppose -6*z = -z + 4*j - 144, 0 = 4*z + l*j - 108. Is 14 a fa